umber?
False
Is 6756029 prime?
False
Is 26766271 prime?
False
Is 7722659 a composite number?
True
Is 4448191 a prime number?
False
Is 386719843 prime?
False
Is 70761233 a prime number?
False
Is 23955689 a composite number?
False
Is 293676667 a prime number?
True
Is 18087007 composite?
False
Is 29308489 composite?
True
Is 30853697 composite?
True
Is 1169702591 a composite number?
False
Is 113526419 a prime number?
True
Is 108913783 a composite number?
True
Is 5017093 a prime number?
True
Is 435331837 a composite number?
True
Is 39265423 a prime number?
True
Is 22037839 a prime number?
False
Is 13257317 a prime number?
True
Is 83642999 prime?
False
Is 41806493 prime?
True
Is 88159789 composite?
True
Is 27975799 prime?
True
Is 7568947 a prime number?
True
Is 5109859 a composite number?
False
Is 6444905 a composite number?
True
Is 852793 a composite number?
False
Is 8352119 a composite number?
False
Is 26623297 a composite number?
True
Is 8571781 prime?
False
Is 13217411 prime?
False
Is 6784909 composite?
True
Is 62597 a prime number?
True
Is 234760313 a prime number?
True
Is 40556969 prime?
True
Is 187074994 prime?
False
Is 35549897 prime?
True
Is 5213591 prime?
False
Is 90886129 a prime number?
True
Is 23063717 a composite number?
False
Is 9928955 a prime number?
False
Is 208734917 prime?
True
Is 775466537 a composite number?
False
Is 166582771 composite?
True
Is 24689537 prime?
False
Is 2107831 prime?
False
Is 1094933 composite?
True
Is 2682767 prime?
True
Is 229753271 prime?
False
Is 10496887 composite?
False
Is 21627371 prime?
True
Is 312359 a composite number?
True
Is 65416049 a composite number?
True
Is 15443201 a composite number?
False
Is 150840623 a prime number?
False
Is 956689 a prime number?
True
Is 18850703 prime?
True
Is 2477929 a prime number?
True
Is 210481 composite?
False
Is 4278179 a prime number?
True
Is 4296421 a composite number?
True
Is 7015087 a prime number?
True
Is 25624999 a prime number?
False
Is 228518503 a prime number?
True
Is 20269241 a composite number?
False
Is 396349 a prime number?
True
Is 56119223 prime?
True
Is 3516839 a prime number?
False
Is 241491413 a prime number?
True
Is 58388443 a prime number?
True
Is 36821209 a composite number?
True
Is 82634451 a composite number?
True
Is 23143929 prime?
False
Is 1761209 prime?
False
Is 190271 composite?
False
Is 4527179 a prime number?
False
Is 8458039 a composite number?
False
Is 5266307 a composite number?
False
Is 768463 composite?
True
Is 649507 prime?
True
Is 2407163 prime?
False
Is 11628667 composite?
False
Is 515707109 a prime number?
True
Is 46287977 prime?
True
Is 21511807 a composite number?
True
Is 481295 a composite number?
True
Is 3829597 a composite number?
False
Is 186656809 a prime number?
False
Is 6273203 a composite number?
True
Is 26797597 a prime number?
True
Is 5550133 a prime number?
True
Is 13984739 a prime number?
False
Is 464568343 prime?
True
Is 11096777 prime?
True
Is 247587 a composite number?
True
Is 57028201 a composite number?
True
Is 4657937 prime?
False
Is 83334451 a prime number?
False
Is 1422521 prime?
True
Is 162245341 a prime number?
True
Is 707270407 composite?
True
Is 56568923 a prime number?
True
Is 125077021 prime?
True
Is 3533279 prime?
False
Is 96637 a prime number?
False
Is 46271606 prime?
False
Is 326523047 composite?
False
Is 6639077 prime?
True
Is 4531987 a composite number?
False
Is 131045303 prime?
True
Is 2044099 prime?
True
Is 9603983 a composite number?
True
Is 1215017 prime?
True
Is 153173481 a prime number?
False
Is 293395153 a composite number?
True
Is 91223443 a composite number?
False
Is 123635519 a composite number?
True
Is 18079667 a prime number?
True
Is 3417923 prime?
True
Is 140977 a prime number?
True
Is 4779979 prime?
True
Is 4899841 prime?
True
Is 28876007 a prime number?
True
Is 413111 a prime number?
True
Is 8928742 composite?
True
Is 41993167 prime?
False
Is 24220697 a composite number?
False
Is 238417 prime?
True
Is 33024457 a composite number?
False
Is 27376135 prime?
False
Is 23999237 a prime number?
True
Is 742891 composite?
False
Is 1696193 a prime number?
True
Is 49109 composite?
False
Is 116789 prime?
True
Is 14874113 composite?
True
Is 1427924923 a prime number?
True
Is 247511 a prime number?
False
Is 458027 composite?
False
Is 435992461 composite?
False
Is 5194489 a prime number?
True
Is 57758423 prime?
False
Is 16477763 composite?
False
Is 9527093 composite?
True
Is 1709724151 composite?
True
Is 7450823 a composite number?
False
Is 850301 prime?
True
Is 6557651 a composite number?
False
Is 7709683 a prime number?
True
Is 103417373 a composite number?
True
Is 21789535 a prime number?
False
Is 3833411 a composite number?
False
Is 6219287 prime?
True
Is 7425581 a composite number?
False
Is 11840987 composite?
False
Is 49142267 a prime number?
True
Is 1166551 prime?
False
Is 95557271 a composite number?
False
Is 1537751 composite?
False
Is 117179119 composite?
False
Is 13150327 prime?
True
Is 78589499 composite?
True
Is 1086818815 composite?
True
Is 101617 prime?
False
Is 10143791 a prime number?
False
Is 655331 composite?
False
Is 134017321 a composite number?
True
Is 27976451 a prime number?
False
Is 15329513 a prime number?
True
Is 33974 composite?
True
Is 7959151 a prime number?
True
Is 3373043 a prime number?
True
Is 344365291 prime?
False
Is 61310911 prime?
True
Is 11977193 a prime number?
True
Is 11205829 composite?
True
Is 18869771 prime?
False
Is 27341569 prime?
True
Is 1147763 a composite number?
True
Is 2888843 a prime number?
True
Is 50229919 a prime number?
False
Is 1816901 a prime number?
True
Is 40161139 composite?
True
Is 1414027 a prime number?
True
Is 1766087 a composite number?
False
Is 52952407 a prime number?
True
Is 17283898 composite?
True
Is 115236743 composite?
False
Is 45919031 a composite number?
True
Is 26992763 a prime number?
False
Is 371647721 a prime number?
False
Is 2003917 composite?
False
Is 139939999 composite?
False
Is 50121655 composite?
True
Is 49527961 composite?
True
Is 331853 a composite number?
True
Is 7572377 prime?
False
Is 2525219 a composite number?
False
Is 149231283 prime?
False
Is 17609381 a prime number?
True
Is 44947781 composite?
False
Is 1974319 prime?
True
Is 25795411 prime?
False
Is 32471723 a composite number?
False
Is 91601443 prime?
False
Is 9775877 a prime number?
True
Is 18334531 a prime number?
True
Is 15730823 composite?
True
Is 96816899 prime?
True
Is 10934933 a prime number?
True
Is 57578291 prime?
True
Is 1008827 composite?
True
Is 2072621 a prime number?
False
Is 269720147 a prime number?
False
Is 17460831 a prime number?
False
Is 37336979 a prime number?
True
Is 18068177 composite?
True
Is 10942553 prime?
False
Is 15206969 prime?
False
Is 20753627 a composite number?
False
Is 730189 a prime number?
False
Is 1899473 a composite number?
False
Is 20529673 a composite number?
False
Is 16372507 prime?
True
Is 78483347 a composite number?
False
Is 157193873 a composite number?
False
Is 11611141 composite?
True
Is 1220887 a composite number?
True
Is 1287701 composite?
True
Is 13844465 composite?
True
Is 6276701 a prime number?
True
Is 20624657 a composite number?
False
Is 23249153 prime?
False
Is 4824627 prime?
False
Is 9189527 prime?
True
Is 7046597 prime?
True
Is 8940401 a composite number?
True
Is 1882789 composite?
True
Is 156823133 a composite number?
True
Is 21128479 a composite number?
True
Is 20871374 a composite number?
True
Is 13941973 composite?
False
Is 1075643 a composite number?
False
Is 213021157 a prime number?
True
Is 68009191 a prime number?
True
Is 88702 prime?
False
Is 141497963 composite?
False
Is 1117673 a composite number?
False
Is 10111993 composite?
False
Is 50681693 prime?
True
Is 26566981 a composite number?
True
Is 235149221 a prime number?
True
Is 36822661 a prime number?
True
Is 266846591 composite?
True
Is 5245733 composite?
False
Is 10822199 prime?
True
Is 134310641 composite?
False
Is 2676737 composite?
True
Is 9098729 composite?
True
Is 6011251 prime?
False
Is 2650951 composite?
True
Is 673439267 a composite number?
False
Is 353367767 a composite number?
True
Is 3062699 prime?
False
Is 37036789 a prime number?
True
Is 3522301 composite?
False
Is 34022591 a composite number?
False
Is 1680761 pri